{"id":1406,"date":"2015-03-16T02:52:47","date_gmt":"2015-03-16T01:52:47","guid":{"rendered":"https:\/\/www.jsv-bernau.de\/jsv\/?page_id=1406"},"modified":"2016-11-29T15:12:53","modified_gmt":"2016-11-29T14:12:53","slug":"u11","status":"publish","type":"page","link":"https:\/\/www.jsv-bernau.de\/jsv\/teams\/u11\/","title":{"rendered":"U11"},"content":{"rendered":"<h1>Spa\u00df und Spiel stehen im Vordergrund!<\/h1>\n<p>Zwei\u00a0 Mal in der Woche trainieren unsere j\u00fcngsten Kyutr\u00e4ger der Altersklasse U11 in Zepernick und Bernau, ein weiteres Training wird in Biesenthal angeboten. Je\u00a0drei lizenzierte Trainer k\u00fcmmern sich in Zepernick und Bernau um die jungen Judoka im Alter von 6 bis 10 Jahren. Zwei lizenzierte Trainer stehen unseren Nachwuchsjudoka in Biesenthal zur Seite.<\/p>\n<h2>U11\u00a0aus\u00a0Bernau<\/h2>\n<div id=\"attachment_3370\" style=\"width: 850px\" class=\"wp-caption alignnone\"><a href=\"https:\/\/www.jsv-bernau.de\/jsv\/wp-content\/uploads\/page\/1406\/team_u11_bernau_1200x800px.jpg\"><img loading=\"lazy\" decoding=\"async\" aria-describedby=\"caption-attachment-3370\" class=\"wp-image-3370 size-medium\" src=\"https:\/\/www.jsv-bernau.de\/jsv\/wp-content\/uploads\/page\/1406\/team_u11_bernau_1200x800px-840x560.jpg\" alt=\"\" width=\"840\" height=\"560\" srcset=\"https:\/\/www.jsv-bernau.de\/jsv\/wp-content\/uploads\/page\/1406\/team_u11_bernau_1200x800px-840x560.jpg 840w, https:\/\/www.jsv-bernau.de\/jsv\/wp-content\/uploads\/page\/1406\/team_u11_bernau_1200x800px-420x280.jpg 420w, https:\/\/www.jsv-bernau.de\/jsv\/wp-content\/uploads\/page\/1406\/team_u11_bernau_1200x800px.jpg 1200w\" sizes=\"auto, (max-width: 840px) 100vw, 840px\" \/><\/a><p id=\"caption-attachment-3370\" class=\"wp-caption-text\">Unser U11-Team aus Bernau<\/p><\/div>\n<p>Die Kids erlernen hier\u00a0viele neue Judotechniken, wie W\u00fcrfe und Festhalten. Aber auch die wichtigen Judowerte werden ihnen vermittelt. Diejenigen, die Lust auf mehr Herausforderung haben, k\u00f6nnen an diversen Judowettk\u00e4mpfen teilnehmen. Unsere Youngsters konnten dort schon einige nennenswerte Erfolgen erringen.<\/p>\n<p>Wer flei\u00dfig trainiert, findet sich regelm\u00e4\u00dfig auf dem Treppchen wieder. Medaillengewinne und Turniersiege sind keine Seltenheit. Wer jedoch nicht an Wettk\u00e4mpfen teilnehmen m\u00f6chte, der hat mit uns einfach jede Menge Spa\u00df und bereitet sich auf die G\u00fcrtelpr\u00fcfungen vor.<\/p>\n<hr \/>\n<h2>U11\u00a0aus Zepernick<\/h2>\n<div id=\"attachment_1811\" style=\"width: 850px\" class=\"wp-caption alignnone\"><a href=\"https:\/\/www.jsv-bernau.de\/jsv\/wp-content\/uploads\/page\/1406\/team_u11_zepernick_1200x800px.jpg\"><img loading=\"lazy\" decoding=\"async\" aria-describedby=\"caption-attachment-1811\" class=\"wp-image-1811 size-medium\" src=\"https:\/\/www.jsv-bernau.de\/jsv\/wp-content\/uploads\/page\/1406\/team_u11_zepernick_1200x800px-840x560.jpg\" alt=\"\" width=\"840\" height=\"560\" srcset=\"https:\/\/www.jsv-bernau.de\/jsv\/wp-content\/uploads\/page\/1406\/team_u11_zepernick_1200x800px-840x560.jpg 840w, https:\/\/www.jsv-bernau.de\/jsv\/wp-content\/uploads\/page\/1406\/team_u11_zepernick_1200x800px-420x280.jpg 420w, https:\/\/www.jsv-bernau.de\/jsv\/wp-content\/uploads\/page\/1406\/team_u11_zepernick_1200x800px.jpg 1200w\" sizes=\"auto, (max-width: 840px) 100vw, 840px\" \/><\/a><p id=\"caption-attachment-1811\" class=\"wp-caption-text\">Unser U11-Team aus Zepernick<\/p><\/div>\n<p>Die Schulung und Weiterentwicklung der koordinativen\u00a0 F\u00e4higkeiten und Fertigkeiten stehen bei den jungen Judoka im Vordergrund.\u00a0 Alles erfolgt in einer Kombination aus spielerischen und taktischen \u00dcbungen. Dabei wird auch die allgemeine Fitness und Kondition aufgebaut und weiterentwickelt.<\/p>\n<hr \/>\n<h2>U11\u00a0aus\u00a0Sch\u00f6now<\/h2>\n<div id=\"attachment_1737\" style=\"width: 850px\" class=\"wp-caption alignnone\"><a href=\"https:\/\/www.jsv-bernau.de\/jsv\/wp-content\/uploads\/post\/1475\/platzhalter_2100x800_2.jpg\"><img loading=\"lazy\" decoding=\"async\" aria-describedby=\"caption-attachment-1737\" class=\"wp-image-1737 size-medium\" src=\"https:\/\/www.jsv-bernau.de\/jsv\/wp-content\/uploads\/post\/1475\/platzhalter_2100x800_2-840x560.jpg\" alt=\"\" width=\"840\" height=\"560\" srcset=\"https:\/\/www.jsv-bernau.de\/jsv\/wp-content\/uploads\/post\/1475\/platzhalter_2100x800_2-840x560.jpg 840w, https:\/\/www.jsv-bernau.de\/jsv\/wp-content\/uploads\/post\/1475\/platzhalter_2100x800_2-420x280.jpg 420w, https:\/\/www.jsv-bernau.de\/jsv\/wp-content\/uploads\/post\/1475\/platzhalter_2100x800_2.jpg 1200w\" sizes=\"auto, (max-width: 840px) 100vw, 840px\" \/><\/a><p id=\"caption-attachment-1737\" class=\"wp-caption-text\">Bald pr\u00e4sentiert sich hier unser U11-Team aus Sch\u00f6now<\/p><\/div>\n<p>In dieser Altersklasse werden G\u00fcrtelpr\u00fcfungen bis zum 5. Kyu (Orange) abgelegt.<\/p>\n<p>Jeder, der Spa\u00df am Bewegen und\u00a0 Lust auf spielerisches Kr\u00e4ftemessen und\u00a0gemeinsames Sporttreiben hat, ist in\u00a0unserer U11 gern gesehen.<\/p>\n","protected":false},"excerpt":{"rendered":"<p>Spa\u00df und Spiel stehen im Vordergrund! Zwei\u00a0 Mal in der Woche trainieren unsere j\u00fcngsten Kyutr\u00e4ger der Altersklasse U11 in Zepernick und Bernau, ein weiteres Training wird in Biesenthal angeboten. Je\u00a0drei lizenzierte Trainer k\u00fcmmern sich in Zepernick und Bernau um die jungen Judoka im Alter von 6 bis 10 Jahren. Zwei lizenzierte Trainer stehen unseren Nachwuchsjudoka in Biesenthal zur Seite. U11\u00a0aus\u00a0Bernau Die Kids erlernen hier\u00a0viele neue Judotechniken, wie W\u00fcrfe und Festhalten. Aber auch die wichtigen Judowerte werden ihnen vermittelt. Diejenigen, die Lust auf mehr Herausforderung haben, k\u00f6nnen an diversen Judowettk\u00e4mpfen teilnehmen. Unsere Youngsters konnten dort schon einige nennenswerte Erfolgen erringen. Wer flei\u00dfig trainiert, findet sich regelm\u00e4\u00dfig auf dem Treppchen wieder. Medaillengewinne und Turniersiege sind keine Seltenheit. Wer jedoch nicht an Wettk\u00e4mpfen teilnehmen m\u00f6chte, der hat mit uns einfach jede Menge Spa\u00df und bereitet sich auf die G\u00fcrtelpr\u00fcfungen vor. U11\u00a0aus Zepernick Die Schulung und Weiterentwicklung der koordinativen\u00a0 F\u00e4higkeiten und Fertigkeiten stehen bei den jungen Judoka im Vordergrund.\u00a0 Alles erfolgt in einer Kombination aus spielerischen und taktischen \u00dcbungen. Dabei wird auch die allgemeine Fitness und Kondition aufgebaut und &hellip;<\/p>\n","protected":false},"author":19,"featured_media":0,"parent":1365,"menu_order":37,"comment_status":"closed","ping_status":"closed","template":"","meta":{"ngg_post_thumbnail":0,"jetpack_post_was_ever_published":false,"footnotes":""},"class_list":["post-1406","page","type-page","status-publish","hentry"],"jetpack_shortlink":"https:\/\/wp.me\/P5TGCK-mG","jetpack_sharing_enabled":true,"_links":{"self":[{"href":"https:\/\/www.jsv-bernau.de\/jsv\/wp-json\/wp\/v2\/pages\/1406","targetHints":{"allow":["GET"]}}],"collection":[{"href":"https:\/\/www.jsv-bernau.de\/jsv\/wp-json\/wp\/v2\/pages"}],"about":[{"href":"https:\/\/www.jsv-bernau.de\/jsv\/wp-json\/wp\/v2\/types\/page"}],"author":[{"embeddable":true,"href":"https:\/\/www.jsv-bernau.de\/jsv\/wp-json\/wp\/v2\/users\/19"}],"replies":[{"embeddable":true,"href":"https:\/\/www.jsv-bernau.de\/jsv\/wp-json\/wp\/v2\/comments?post=1406"}],"version-history":[{"count":17,"href":"https:\/\/www.jsv-bernau.de\/jsv\/wp-json\/wp\/v2\/pages\/1406\/revisions"}],"predecessor-version":[{"id":5362,"href":"https:\/\/www.jsv-bernau.de\/jsv\/wp-json\/wp\/v2\/pages\/1406\/revisions\/5362"}],"up":[{"embeddable":true,"href":"https:\/\/www.jsv-bernau.de\/jsv\/wp-json\/wp\/v2\/pages\/1365"}],"wp:attachment":[{"href":"https:\/\/www.jsv-bernau.de\/jsv\/wp-json\/wp\/v2\/media?parent=1406"}],"curies":[{"name":"wp","href":"https:\/\/api.w.org\/{rel}","templated":true}]}}