{"id":1419,"date":"2015-03-16T02:55:55","date_gmt":"2015-03-16T01:55:55","guid":{"rendered":"https:\/\/www.jsv-bernau.de\/jsv\/?page_id=1419"},"modified":"2015-05-22T01:46:48","modified_gmt":"2015-05-21T23:46:48","slug":"mitglied_werden","status":"publish","type":"page","link":"https:\/\/www.jsv-bernau.de\/jsv\/mitglied_werden\/","title":{"rendered":"Werde Teil unserer Judo-Familie!"},"content":{"rendered":"<p class=\"intro\">Der JSV Bernau ist nicht nur ein Verein, bei dem viele Menschen ihrem Hobby nachgehen, sondern eine gro\u00dfe Familie in der alle ein wenig judoverr\u00fcckt sind. Hier sind alle mit viel Herz auf und neben der Judomatte aktiv.<\/p>\n<h2>Deshalb bieten wir euch:<\/h2>\n<ul>\n<li>das Erlernen einer traditionsreichen olympischen Kampfsportart<\/li>\n<li>einen Monat Probetraining, um uns kennen zu lernen<\/li>\n<li>Einstieg in jeder Altersstufe m\u00f6glich, fr\u00fchestens mit ca. 6 Jahren<\/li>\n<li>qualifizierte Trainer und ein abwechslungsreiches Training in drei Trainingsst\u00fctzpunkten<\/li>\n<li>Breiten- und Wettkampfsport<\/li>\n<li>eine Erwachsenengruppe mit vielen erfahrenen Judoka und vielen Neueinsteigern<\/li>\n<li>Trainingslager und Ferienfreizeiten<\/li>\n<li>Veranstaltungen neben der Judomatte, z.B. Sommerfest, Weihnachtsfeier etc.<\/li>\n<li>sozialvertr\u00e4gliche und familienfreundliche Mitgliedsbeitr\u00e4ge<\/li>\n<\/ul>\n<h2>Interesse? Wir freuen uns Dich kennen zu lernen!!<\/h2>\n<a class=\"standard-btn blue-btn\" href=\"..\/verein\/mitgliedschaft\/\"><span>Jetzt Mitglied werden!<\/span><\/a>\n","protected":false},"excerpt":{"rendered":"<p>Der JSV Bernau ist nicht nur ein Verein, bei dem viele Menschen ihrem Hobby nachgehen, sondern eine gro\u00dfe Familie in der alle ein wenig judoverr\u00fcckt sind. Hier sind alle mit viel Herz auf und neben der Judomatte aktiv. Deshalb bieten wir euch: das Erlernen einer traditionsreichen olympischen Kampfsportart einen Monat Probetraining, um uns kennen zu lernen Einstieg in jeder Altersstufe m\u00f6glich, fr\u00fchestens mit ca. 6 Jahren qualifizierte Trainer und ein abwechslungsreiches Training in drei Trainingsst\u00fctzpunkten Breiten- und Wettkampfsport eine Erwachsenengruppe mit vielen erfahrenen Judoka und vielen Neueinsteigern Trainingslager und Ferienfreizeiten Veranstaltungen neben der Judomatte, z.B. Sommerfest, Weihnachtsfeier etc. sozialvertr\u00e4gliche und familienfreundliche Mitgliedsbeitr\u00e4ge Interesse? Wir freuen uns Dich kennen zu lernen!!<\/p>\n","protected":false},"author":19,"featured_media":0,"parent":0,"menu_order":101,"comment_status":"closed","ping_status":"closed","template":"","meta":{"ngg_post_thumbnail":0,"jetpack_post_was_ever_published":false,"footnotes":""},"class_list":["post-1419","page","type-page","status-publish","hentry"],"jetpack_shortlink":"https:\/\/wp.me\/P5TGCK-mT","jetpack_sharing_enabled":true,"_links":{"self":[{"href":"https:\/\/www.jsv-bernau.de\/jsv\/wp-json\/wp\/v2\/pages\/1419","targetHints":{"allow":["GET"]}}],"collection":[{"href":"https:\/\/www.jsv-bernau.de\/jsv\/wp-json\/wp\/v2\/pages"}],"about":[{"href":"https:\/\/www.jsv-bernau.de\/jsv\/wp-json\/wp\/v2\/types\/page"}],"author":[{"embeddable":true,"href":"https:\/\/www.jsv-bernau.de\/jsv\/wp-json\/wp\/v2\/users\/19"}],"replies":[{"embeddable":true,"href":"https:\/\/www.jsv-bernau.de\/jsv\/wp-json\/wp\/v2\/comments?post=1419"}],"version-history":[{"count":16,"href":"https:\/\/www.jsv-bernau.de\/jsv\/wp-json\/wp\/v2\/pages\/1419\/revisions"}],"predecessor-version":[{"id":3839,"href":"https:\/\/www.jsv-bernau.de\/jsv\/wp-json\/wp\/v2\/pages\/1419\/revisions\/3839"}],"wp:attachment":[{"href":"https:\/\/www.jsv-bernau.de\/jsv\/wp-json\/wp\/v2\/media?parent=1419"}],"curies":[{"name":"wp","href":"https:\/\/api.w.org\/{rel}","templated":true}]}}