{"id":1625,"date":"2015-05-03T21:45:36","date_gmt":"2015-05-03T19:45:36","guid":{"rendered":"https:\/\/www.jsv-bernau.de\/jsv\/?page_id=1625"},"modified":"2015-05-15T15:30:51","modified_gmt":"2015-05-15T13:30:51","slug":"mitgliedschaft","status":"publish","type":"page","link":"https:\/\/www.jsv-bernau.de\/jsv\/verein\/mitgliedschaft\/","title":{"rendered":"Mitgliedschaft"},"content":{"rendered":"<p>Wir freuen uns, dass du dich f\u00fcr eine Mitgliedschaft im JSV Bernau e.V. interessierst. Hier findest du unsere Mitgliedsbeitr\u00e4ge und weiterf\u00fchrende Informationen.<br \/>\n<div class=\"two-columns-one\">\n<h4>Hier erf\u00e4hrst du, was wir dir alles bieten:<\/h4>\n<p><a class=\"standard-btn blue-btn\" href=\"..\/..\/mitglied_werden\/\"><span>Angebot des JSV Bernau<\/span><\/a><br \/>\n<\/div><div class=\"two-columns-one last\">\n<h4>Alle Unterlagen herunterladen:<\/h4>\n<p><a class=\"standard-btn blue-btn\" href=\"..\/downloads\/\"><span>Antragsunterlagen<\/span><\/a><br \/>\n<\/div><div class=\"divider\"><\/div>\n<table id=\"tablepress-2\" class=\"tablepress tablepress-id-2\">\n<tbody>\n<tr class=\"row-1\">\n\t<td class=\"column-1\"><h2>Regelbeitrag<\/h2><\/td><td class=\"column-2\"><\/td>\n<\/tr>\n<tr class=\"row-2\">\n\t<td class=\"column-1\">Kinder und Jugendliche (bis zum vollendeten 18. Lebensjahr)<\/td><td class=\"column-2\">10,- \u20ac\/Monat<\/td>\n<\/tr>\n<tr class=\"row-3\">\n\t<td class=\"column-1\">Erwachsene<\/td><td class=\"column-2\">15,- \u20ac\/Monat<\/td>\n<\/tr>\n<tr class=\"row-4\">\n\t<td class=\"column-1\"><h2>Erm\u00e4\u00dfigt auf schriftlichen Antrag<\/h2><\/td><td class=\"column-2\"><\/td>\n<\/tr>\n<tr class=\"row-5\">\n\t<td class=\"column-1\">Personen in Ausbildung (nicht \u00e4lter als 27 Jahre),<br \/>\nPersonen, die freiwillige soziale Dienste leisten   <\/td><td class=\"column-2\">10,- \u20ac\/Monat<\/td>\n<\/tr>\n<tr class=\"row-6\">\n\t<td class=\"column-1\">Arbeitslose, Sozialhilfeempf\u00e4nger, Mitglieder kooperierender Vereine<\/td><td class=\"column-2\">5,- \u20ac\/Monat<\/td>\n<\/tr>\n<tr class=\"row-7\">\n\t<td class=\"column-1\"><h2> Aufnahmegeb\u00fchr<\/h2><\/td><td class=\"column-2\"><\/td>\n<\/tr>\n<tr class=\"row-8\">\n\t<td class=\"column-1\">Die Aufnahmegeb\u00fchr betr\u00e4gt 25,00 \u20ac und ist einmalig zu entrichten.<\/td><td class=\"column-2\"><\/td>\n<\/tr>\n<\/tbody>\n<\/table>\n<!-- #tablepress-2 from cache --><\/p>\n<div class=\"blue-box\">\n<h4>Hinweis<\/h4>\n<p>Alle Beitr\u00e4ge und Geb\u00fchren werden durch den Verein mittels SEPA-Lastschriftverfahren eingezogen.<\/div>\n","protected":false},"excerpt":{"rendered":"<p>Wir freuen uns, dass du dich f\u00fcr eine Mitgliedschaft im JSV Bernau e.V. interessierst. Hier findest du unsere Mitgliedsbeitr\u00e4ge und weiterf\u00fchrende Informationen.<\/p>\n","protected":false},"author":19,"featured_media":0,"parent":1370,"menu_order":23,"comment_status":"closed","ping_status":"closed","template":"","meta":{"ngg_post_thumbnail":0,"jetpack_post_was_ever_published":false,"footnotes":""},"class_list":["post-1625","page","type-page","status-publish","hentry"],"jetpack_shortlink":"https:\/\/wp.me\/P5TGCK-qd","jetpack_sharing_enabled":true,"_links":{"self":[{"href":"https:\/\/www.jsv-bernau.de\/jsv\/wp-json\/wp\/v2\/pages\/1625","targetHints":{"allow":["GET"]}}],"collection":[{"href":"https:\/\/www.jsv-bernau.de\/jsv\/wp-json\/wp\/v2\/pages"}],"about":[{"href":"https:\/\/www.jsv-bernau.de\/jsv\/wp-json\/wp\/v2\/types\/page"}],"author":[{"embeddable":true,"href":"https:\/\/www.jsv-bernau.de\/jsv\/wp-json\/wp\/v2\/users\/19"}],"replies":[{"embeddable":true,"href":"https:\/\/www.jsv-bernau.de\/jsv\/wp-json\/wp\/v2\/comments?post=1625"}],"version-history":[{"count":33,"href":"https:\/\/www.jsv-bernau.de\/jsv\/wp-json\/wp\/v2\/pages\/1625\/revisions"}],"predecessor-version":[{"id":9273,"href":"https:\/\/www.jsv-bernau.de\/jsv\/wp-json\/wp\/v2\/pages\/1625\/revisions\/9273"}],"up":[{"embeddable":true,"href":"https:\/\/www.jsv-bernau.de\/jsv\/wp-json\/wp\/v2\/pages\/1370"}],"wp:attachment":[{"href":"https:\/\/www.jsv-bernau.de\/jsv\/wp-json\/wp\/v2\/media?parent=1625"}],"curies":[{"name":"wp","href":"https:\/\/api.w.org\/{rel}","templated":true}]}}