{"id":6078,"date":"2018-02-19T13:02:17","date_gmt":"2018-02-19T12:02:17","guid":{"rendered":"https:\/\/www.jsv-bernau.de\/jsv\/?page_id=6078"},"modified":"2026-04-25T00:34:18","modified_gmt":"2026-04-24T22:34:18","slug":"dan-traeger-im-jsv-bernau-e-v","status":"publish","type":"page","link":"https:\/\/www.jsv-bernau.de\/jsv\/verein\/dan-traeger-im-jsv-bernau-e-v\/","title":{"rendered":"Dan-Tr\u00e4ger im JSV Bernau e.V."},"content":{"rendered":"<h2>5. Dan<\/h2>\n<ul>\n<li>G\u00fcnter Seidler<\/li>\n<li>Hartmut Ott<\/li>\n<\/ul>\n<h2>4. Dan<\/h2>\n<ul>\n<li>Frank Friedrich<\/li>\n<li>Jens Katzorke<\/li>\n<li>Hendrik Krause<\/li>\n<li>Dirk Kunze<\/li>\n<li>Stefan Niesecke<\/li>\n<\/ul>\n<h2>3. Dan<\/h2>\n<ul>\n<li>Ren\u00e9 Keil<\/li>\n<li>Frank Opitz<\/li>\n<li>Thomas Troche<\/li>\n<\/ul>\n<h2>2. Dan<\/h2>\n<ul>\n<li>Jens Bachnick<\/li>\n<li>Ralf Bannier<\/li>\n<li>Sven Borchardt<\/li>\n<li>Andreas Fischer<\/li>\n<li>Andr\u00e9 G\u00fcnther<\/li>\n<li>Sebastian Hesse<\/li>\n<li>Holger Kaping<\/li>\n<li>Frank Kube<\/li>\n<li>Bj\u00f6rn Lehmann<\/li>\n<li>Ralf Luba<\/li>\n<li>Christian Meschter<\/li>\n<li>Marco Patzwall<\/li>\n<li>Heiko Posselt<\/li>\n<li>Rainer Pr\u00fcfig<\/li>\n<li>Simone Rosenplenter<\/li>\n<li>Ben Runow<\/li>\n<li>Dirk Schlicht<\/li>\n<\/ul>\n<h2>1. Dan<\/h2>\n<ul>\n<li>Ivo Behnke<\/li>\n<li>Uwe Borchardt<\/li>\n<li>Bj\u00f6rn Brotmann<\/li>\n<li>Marcus Burkhardt<\/li>\n<li>Katja Fischer<\/li>\n<li>Alexander Gei\u00dfler<\/li>\n<li>Mike Geschke<\/li>\n<li>Jens Gonschorek<\/li>\n<li>Paul Harm<\/li>\n<li>Helmut Heide<\/li>\n<li>Theo Herz<\/li>\n<li>Tina Heusterberg<\/li>\n<li>Tina<\/li>\n<li>Markus Kruspe<\/li>\n<li>Sven Liebezeit<\/li>\n<li>Torsten Lukas<\/li>\n<li>Roberto Lutz<\/li>\n<li>David M\u00e4rz<\/li>\n<li>Manuel Meschter<\/li>\n<li>Axel Metzdorf<\/li>\n<li>Henrike M\u00fchl<\/li>\n<li>Annika Neumann<\/li>\n<li>Matthias Paul<\/li>\n<li>Franziska Pinske<\/li>\n<li>Klaudia Pozsgai<\/li>\n<li>Lutz Pyrlik<\/li>\n<li>Sascha Rebbin<\/li>\n<li>Mirko Risch<\/li>\n<li>Jenny Roll<\/li>\n<li>Alexander Rupp<\/li>\n<li>Frank Saal<\/li>\n<li>Michael Sachs<\/li>\n<li>Martin Scholz<\/li>\n<li>Martin Setz<\/li>\n<li>Uwe Sommer<\/li>\n<li>Dirk Stoessel<\/li>\n<li>Magnus Tarara<\/li>\n<li>Vanessa Trajcev<\/li>\n<li>Paul Weber-Makert<\/li>\n<li>Hardy Wolf<\/li>\n<\/ul>\n","protected":false},"excerpt":{"rendered":"<p>5. Dan G\u00fcnter Seidler Hartmut Ott 4. Dan Frank Friedrich Jens Katzorke Hendrik Krause Dirk Kunze Stefan Niesecke 3. Dan Ren\u00e9 Keil Frank Opitz Thomas Troche 2. Dan Jens Bachnick Ralf Bannier Sven Borchardt Andreas Fischer Andr\u00e9 G\u00fcnther Sebastian Hesse Holger Kaping Frank Kube Bj\u00f6rn Lehmann Ralf Luba Christian Meschter Marco Patzwall Heiko Posselt Rainer Pr\u00fcfig Simone Rosenplenter Ben Runow Dirk Schlicht 1. Dan Ivo Behnke Uwe Borchardt Bj\u00f6rn Brotmann Marcus Burkhardt Katja Fischer Alexander Gei\u00dfler Mike Geschke Jens Gonschorek Paul Harm Helmut Heide Theo Herz Tina Heusterberg Tina Markus Kruspe Sven Liebezeit Torsten Lukas Roberto Lutz David M\u00e4rz Manuel Meschter Axel Metzdorf Henrike M\u00fchl Annika Neumann Matthias Paul Franziska Pinske Klaudia Pozsgai Lutz Pyrlik Sascha Rebbin Mirko Risch Jenny Roll Alexander Rupp Frank Saal Michael Sachs Martin Scholz Martin Setz Uwe Sommer Dirk Stoessel Magnus Tarara Vanessa Trajcev Paul Weber-Makert Hardy Wolf<\/p>\n","protected":false},"author":1,"featured_media":0,"parent":1370,"menu_order":4,"comment_status":"closed","ping_status":"closed","template":"","meta":{"ngg_post_thumbnail":0,"jetpack_post_was_ever_published":false,"footnotes":""},"class_list":["post-6078","page","type-page","status-publish","hentry"],"jetpack_shortlink":"https:\/\/wp.me\/P5TGCK-1A2","jetpack_sharing_enabled":true,"_links":{"self":[{"href":"https:\/\/www.jsv-bernau.de\/jsv\/wp-json\/wp\/v2\/pages\/6078","targetHints":{"allow":["GET"]}}],"collection":[{"href":"https:\/\/www.jsv-bernau.de\/jsv\/wp-json\/wp\/v2\/pages"}],"about":[{"href":"https:\/\/www.jsv-bernau.de\/jsv\/wp-json\/wp\/v2\/types\/page"}],"author":[{"embeddable":true,"href":"https:\/\/www.jsv-bernau.de\/jsv\/wp-json\/wp\/v2\/users\/1"}],"replies":[{"embeddable":true,"href":"https:\/\/www.jsv-bernau.de\/jsv\/wp-json\/wp\/v2\/comments?post=6078"}],"version-history":[{"count":17,"href":"https:\/\/www.jsv-bernau.de\/jsv\/wp-json\/wp\/v2\/pages\/6078\/revisions"}],"predecessor-version":[{"id":10048,"href":"https:\/\/www.jsv-bernau.de\/jsv\/wp-json\/wp\/v2\/pages\/6078\/revisions\/10048"}],"up":[{"embeddable":true,"href":"https:\/\/www.jsv-bernau.de\/jsv\/wp-json\/wp\/v2\/pages\/1370"}],"wp:attachment":[{"href":"https:\/\/www.jsv-bernau.de\/jsv\/wp-json\/wp\/v2\/media?parent=6078"}],"curies":[{"name":"wp","href":"https:\/\/api.w.org\/{rel}","templated":true}]}}

Dan-Träger im JSV Bernau e.V.

<h2>5. Dan</h2>
<ul>
<li>Günter Seidler</li>
<li>Hartmut Ott</li>
</ul>
<h2>4. Dan</h2>
<ul>
<li>Frank Friedrich</li>
<li>Jens Katzorke</li>
<li>Hendrik Krause</li>
<li>Dirk Kunze</li>
<li>Stefan Niesecke</li>
</ul>
<h2>3. Dan</h2>
<ul>
<li>René Keil</li>
<li>Frank Opitz</li>
<li>Thomas Troche</li>
</ul>
<h2>2. Dan</h2>
<ul>
<li>Jens Bachnick</li>
<li>Ralf Bannier</li>
<li>Sven Borchardt</li>
<li>Andreas Fischer</li>
<li>André Günther</li>
<li>Sebastian Hesse</li>
<li>Holger Kaping</li>
<li>Frank Kube</li>
<li>Björn Lehmann</li>
<li>Ralf Luba</li>
<li>Christian Meschter</li>
<li>Marco Patzwall</li>
<li>Heiko Posselt</li>
<li>Rainer Prüfig</li>
<li>Simone Rosenplenter</li>
<li>Ben Runow</li>
<li>Dirk Schlicht</li>
</ul>
<h2>1. Dan</h2>
<ul>
<li>Ivo Behnke</li>
<li>Uwe Borchardt</li>
<li>Björn Brotmann</li>
<li>Marcus Burkhardt</li>
<li>Katja Fischer</li>
<li>Alexander Geißler</li>
<li>Mike Geschke</li>
<li>Jens Gonschorek</li>
<li>Paul Harm</li>
<li>Helmut Heide</li>
<li>Theo Herz</li>
<li>Tina Heusterberg</li>
<li>Tina</li>
<li>Markus Kruspe</li>
<li>Sven Liebezeit</li>
<li>Torsten Lukas</li>
<li>Roberto Lutz</li>
<li>David März</li>
<li>Manuel Meschter</li>
<li>Axel Metzdorf</li>
<li>Henrike Mühl</li>
<li>Annika Neumann</li>
<li>Matthias Paul</li>
<li>Franziska Pinske</li>
<li>Klaudia Pozsgai</li>
<li>Lutz Pyrlik</li>
<li>Sascha Rebbin</li>
<li>Mirko Risch</li>
<li>Jenny Roll</li>
<li>Alexander Rupp</li>
<li>Frank Saal</li>
<li>Michael Sachs</li>
<li>Martin Scholz</li>
<li>Martin Setz</li>
<li>Uwe Sommer</li>
<li>Dirk Stoessel</li>
<li>Magnus Tarara</li>
<li>Vanessa Trajcev</li>
<li>Paul Weber-Makert</li>
<li>Hardy Wolf</li>
</ul>

<p>5. Dan Günter Seidler Hartmut Ott 4. Dan Frank Friedrich Jens Katzorke Hendrik Krause Dirk Kunze Stefan Niesecke 3. Dan René Keil Frank Opitz Thomas Troche 2. Dan Jens Bachnick Ralf Bannier Sven Borchardt Andreas Fischer André Günther Sebastian Hesse Holger Kaping Frank Kube Björn Lehmann Ralf Luba Christian Meschter Marco Patzwall Heiko Posselt Rainer Prüfig Simone Rosenplenter Ben Runow Dirk Schlicht 1. Dan Ivo Behnke Uwe Borchardt Björn Brotmann Marcus Burkhardt Katja Fischer Alexander Geißler Mike Geschke Jens Gonschorek Paul Harm Helmut Heide Theo Herz Tina Heusterberg Tina Markus Kruspe Sven Liebezeit Torsten Lukas Roberto Lutz David März Manuel Meschter Axel Metzdorf Henrike Mühl Annika Neumann Matthias Paul Franziska Pinske Klaudia Pozsgai Lutz Pyrlik Sascha Rebbin Mirko Risch Jenny Roll Alexander Rupp Frank Saal Michael Sachs Martin Scholz Martin Setz Uwe Sommer Dirk Stoessel Magnus Tarara Vanessa Trajcev Paul Weber-Makert Hardy Wolf</p>
